se 16, what is 22 - 7ad?
-78b
In base 5, what is 34 - 131403?
-131314
In base 6, what is 1143230 + -10?
1143220
In base 13, what is -158961 - -2?
-15895c
In base 7, what is 16 - -350?
366
In base 15, what is -113 - 138a?
-149d
In base 8, what is -55063 + 4?
-55057
In base 15, what is 1 + -9c79?
-9c78
In base 2, what is -110100000001110 + 10100?
-110011111111010
In base 14, what is 4b35 - 4?
4b31
In base 2, what is 10101110101100100 + 11?
10101110101100111
In base 12, what is -3 - 896a2?
-896a5
In base 15, what is 3d9d - 2b?
3d72
In base 16, what is -3 + -89bc?
-89bf
In base 16, what is -c7 + 7d?
-4a
In base 9, what is -154 - -4071?
3816
In base 7, what is 1635 + -1105?
530
In base 15, what is 166 + -882?
-71b
In base 11, what is -721 + -69?
-78a
In base 4, what is -2013 - -10220?
2201
In base 14, what is -1 + -335?
-336
In base 9, what is 84606 + 65?
84672
In base 15, what is 2 + -29d50?
-29d4d
In base 15, what is 685 + 30?
6b5
In base 16, what is 18249 + -2?
18247
In base 3, what is -100 + -12202222020?
-12202222120
In base 13, what is -3a584 - -5?
-3a57c
In base 9, what is 205 + -38?
156
In base 11, what is -71 + 8505?
8444
In base 11, what is -122a7 - 5?
-12301
In base 16, what is 1 + 50ae?
50af
In base 5, what is -3 - 40422200?
-40422203
In base 8, what is 213632 + 0?
213632
In base 3, what is 0 - -1221010202?
1221010202
In base 6, what is -35405351 + 1?
-35405350
In base 10, what is 9505 - 6?
9499
In base 12, what is -65b - -220?
-43b
In base 14, what is -7114 + 3?
-7111
In base 15, what is -23 - 549a?
-54bd
In base 13, what is 13 - -24b7?
24ca
In base 3, what is 220021111 - 21?
220021020
In base 14, what is -160b0 + 0?
-160b0
In base 6, what is -114102 + -31?
-114133
In base 2, what is -1 - -10000111111110110000?
10000111111110101111
In base 14, what is a - -c53c?
c548
In base 5, what is 10044 - -413?
11012
In base 13, what is -28 - -246?
21b
In base 15, what is -863 - 11?
-874
In base 7, what is 2 + 2623134?
2623136
In base 4, what is -2 - -2002110?
2002102
In base 4, what is 1212 + 12020?
13232
In base 2, what is -10101 - 101011010001101?
-101011010100010
In base 6, what is 205405 + -4?
205401
In base 3, what is 21 + -22221222?
-22221201
In base 11, what is 201736 - -3?
201739
In base 2, what is -10111000000 + -10101?
-10111010101
In base 12, what is 451725 - -1?
451726
In base 12, what is 0 + 10361?
10361
In base 9, what is -2868 + 2718?
-150
In base 5, what is 2120 - -30410?
33030
In base 8, what is -25372 + 372?
-25000
In base 14, what is -7a7 - 1c9?
-992
In base 13, what is 53c20 + 22?
53c42
In base 11, what is 0 + 257?
257
In base 2, what is 11000101100 - 100?
11000101000
In base 15, what is -e378e - 3?
-e3792
In base 9, what is -3 - -46387?
46384
In base 15, what is 3b1 + 5b2?
973
In base 4, what is 32010321 + -31?
32010230
In base 13, what is 1004 + -2a?
ca7
In base 15, what is 8 + 1158?
1161
In base 4, what is 1102 - -1101010?
1102112
In base 13, what is 19b79 + -3?
19b76
In base 16, what is -4 + -4742?
-4746
In base 14, what is 5 + -c963d?
-c9638
In base 11, what is -1997 + 13?
-1984
In base 15, what is -464 - 150?
-5b4
In base 12, what is 13 + 10385?
10398
In base 3, what is -11 - -2110110001?
2110102220
In base 9, what is 86458 - 0?
86458
In base 3, what is 2011102210102 + -12?
2011102210020
In base 12, what is 60a04 - 5?
609bb
In base 9, what is 14246 + 0?
14246
In base 5, what is -10 + -1110202?
-1110212
In base 16, what is -390 - -1a3?
-1ed
In base 4, what is -3 + 211030221?
211030212
In base 15, what is 99c - 16?
986
In base 3, what is -21 + -102012102?
-102012200
In base 3, what is 210011 - 10022020?
-2112002
In base 11, what is -13 - a8a19?
-a8a31
In base 11, what is -6422 + -39?
-6460
In base 10, what is 1214160 + -5?
1214155
In base 14, what is 2d + -8733?
-8704
In base 3, what is -1212000112021 + 0?
-1212000112021
In base 15, what is -2e52 - bb?
-301d
In base 7, what is 202442 + -21?
202421
In base 5, what is 4 - -1421132?
1421141
In base 10, what is 4 + 23231?
23235
In base 3, what is 1021002 - 10?
1020222
In base 15, what is -9036 - 5?
-903b
In base 2, what is -101101001001101 - 11?
-101101001010000
In base 5, what is -231001 - 1131?
-232132
In base 13, what is a2245 + -5?
a2240
In base 15, what is -1ceac + 0?
-1ceac
In base 11, what is 169 - -376?
534
In base 6, what is 4 + -52521?
-52513
In base 13, what is 16 - -14092?
140a8
In base 12, what is -13262 + 2?
-13260
In base 16, what is 5 + bee8?
beed
In base 16, what is -6c7 + -41?
-708
In base 9, what is 35 - -2266?
2312
In base 7, what is 333 + 41220?
41553
In base 6, what is -5233 - -2?
-5231
In base 9, what is -16 - -3105?
3078
In base 13, what is 1059 - -497?
1523
In base 4, what is 3 + -202303332?
-202303323
In base 3, what is -1100100 - 22010?
-1122110
In base 3, what is 1201002002220 - 10?
1201002002210
In base 5, what is -134232 - 2?
-134234
In base 11, what is -19548a7 + -2?
-19548a9
In base 5, what is -11143110 + 3?
-11143102
In base 15, what is 3 + 4987e?
49882
In base 8, what is -177 + -1401?
-1600
In base 16, what is 1f0 + bf7?
de7
In base 10, what is -4 - -13645?
13641
In base 12, what is 72b4 + 12?
7306
In base 3, what is 2221000110122 + -1?
2221000110121
In base 10, what is 485 - 849?
-364
In base 14, what is 0 + 1079c?
1079c
In base 9, what is 5 - -13536?
13542
In base 14, what is -d3b + c?
-d2d
In base 10, what is 160741 + -3?
160738
In base 2, what is 11011100 + 100000?
11111100
In base 5, what is -331340 - -11?
-331324
In base 6, what is -223 - 351?
-1014
In base 5, what is 4333401 - -4?
4333410
In base 13, what is -115 - 333?
-448
In base 2, what is -111110 - -1110001011?
1101001101
In base 14, what is 18 - 350?
-336
In base 3, what is -210200100 + 1?
-210200022
In base 8, what is -4 - 730057?
-730063
In base 2, what is 1 + 100010000000000?
100010000000001
In base 4, what is 110 - 23002?
-22232
In base 13, what is 9bb21 + 4?
9bb25
In base 5, what is 3012 - -214?
3231
In base 10, what is -11560 + 4?
-11556
In base 16, what is -3578f + 0?
-3578f
In base 13, what is -74 + 107b?
1007
In base 4, what is 23 - -11331132?
11331221
In base 4, what is 12101122 + -10?
12101112
In base 6, what is 22324 + -55?
22225
In base 2, what is -10001001100110000 + -100?
-10001001100110100
In base 7, what is 1 - 206345?
-206344
In base 7, what is -423 + 3020?
2264
In base 14, what is -4723 - 2b?
-4750
In base 14, what is c70 - -25b?
10cb
In base 3, what is 11 - -2112002002101?
2112002002112
In base 6, what is -43041 + 44?
-42553
In base 11, what is -442341 - 3?
-442344
In base 10, what is -4 - 80164?
-80168
In base 9, what is -370474 + -44?
-370528
In base 15, what is 8 + -226e?
-2266
In base 10, what is 19 - 2702?
-2683
In base 3, what is 2002021 + 1102?
2010200
In base 2, what is 10010 - 10111101?
-10101011
In base 11, what is -11 + 1020?
100a
In base 8, what is 2 + 13344?
13346
In base 4, what is 2123 - -3001?
11130
In base 3, what is 1000 + -2111121120?
-2111120120
In base 16, what is -a2 - 2e?
-d0
In base 16, what is -27b0 + 4?
-27ac
In base 15, what is 56 - 58a1?
-584a
In base 5, what is 2114003 - 40?
2113413
In base 10, what is -2 + -8814?
-8816
In base 10, what is -246 - -73?
-173
In base 5, what is -31 + -114213?
-114244
In base 5, what is 331 - 1102143?
-1101312
In base 15, what is -33 - 3bb4?
-3be7
In base 14, what is 4 + 3526?
352a
In base 5, what is -34420 + -332?
-40302
In base 4, what is -210 + 110002?
103132
In base 11, what is 28a037 + -4?
28a033
In base 11, what is 5 + -5893?
-5889
In base 14, what is 1701d8 - -2?
1701da
In base 16, what is 5397a + -4?
53976
In base 3, what is -222122 + 1101?
-221021
In base 8, what is -207167 + 1?
-207166
In base 11, what is -101 - 1a00?
-2001
In base 15, what is 3 + 268b?
268e
In base 16, what is 1205b + 4?
1205f
In base 3, what is 2011212222022 + -1?
2011212222021
In base 5, what is 4 + 23123142?
23123201
In base 4, what is 3 + -13112300?
-13112231
In base 16, what is 28 - -2bce?
2bf6
In base 3, what is 12111202 + -1012?
12110120
In base 8, what is -534 + 322?
-212
In base 6, what is 14151405 + -4?
14151401
In base 15, what is 3 + -19ad?
-19aa
In base 10, what is -253 - 530?
-783
In base 5, what is -1021330 - 11?
-1021341
In base 7, what is -503063 - 5?
-503101
In base 9, what is -410601 - -5?
-410585
In b